, 2621
What are the prime factors of 4038235?
5, 807647
What are the prime factors of 30897310?
2, 5, 3089731
What are the prime factors of 11178?
2, 3, 23
What are the prime factors of 50470?
2, 5, 7, 103
List the prime factors of 1124466.
2, 3, 7, 41, 653
What are the prime factors of 502816?
2, 19, 827
What are the prime factors of 67126?
2, 33563
List the prime factors of 104267.
127, 821
What are the prime factors of 6402943?
19, 336997
What are the prime factors of 2006101?
47, 42683
List the prime factors of 217888.
2, 11, 619
What are the prime factors of 15522?
2, 3, 13, 199
What are the prime factors of 2364391?
79, 173
List the prime factors of 8533274.
2, 4266637
List the prime factors of 19112628.
2, 3, 79, 20161
What are the prime factors of 487445?
5, 7, 19, 733
What are the prime factors of 12171027?
3, 11, 33529
What are the prime factors of 10108497?
3, 7, 139, 3463
List the prime factors of 460852.
2, 7, 109, 151
List the prime factors of 264013.
264013
List the prime factors of 3436220.
2, 5, 171811
List the prime factors of 1063794.
2, 3, 107, 1657
List the prime factors of 1442388.
2, 3, 120199
List the prime factors of 1130818.
2, 13, 23, 31, 61
What are the prime factors of 189263?
53, 3571
What are the prime factors of 243687?
3, 29, 2801
What are the prime factors of 11791776?
2, 3, 113, 1087
List the prime factors of 16218877.
16218877
List the prime factors of 149491.
149491
List the prime factors of 6310382.
2, 13, 163, 1489
What are the prime factors of 193606?
2, 7, 13829
List the prime factors of 3447478.
2, 139, 12401
List the prime factors of 9231801.
3, 61, 827
List the prime factors of 319604.
2, 79901
What are the prime factors of 14188783?
7, 47, 61, 101
What are the prime factors of 9966016?
2, 155719
List the prime factors of 22455772.
2, 5613943
What are the prime factors of 6046318?
2, 37, 81707
What are the prime factors of 2850985?
5, 17, 1973
What are the prime factors of 2281109?
2281109
What are the prime factors of 68831?
7, 9833
List the prime factors of 483464.
2, 223, 271
List the prime factors of 689665.
5, 137933
List the prime factors of 1097012.
2, 7, 29, 193
List the prime factors of 485803.
167, 2909
List the prime factors of 44600.
2, 5, 223
List the prime factors of 568388.
2, 142097
List the prime factors of 140973.
3, 7, 137
List the prime factors of 29197928.
2, 3649741
List the prime factors of 6333020.
2, 5, 29, 61, 179
List the prime factors of 343609.
7, 191, 257
What are the prime factors of 2071823?
13, 31, 53, 97
List the prime factors of 27096201.
3, 11, 31, 109
List the prime factors of 16836164.
2, 79, 53279
What are the prime factors of 32052?
2, 3, 2671
List the prime factors of 1259152.
2, 78697
List the prime factors of 1014456.
2, 3, 43, 983
List the prime factors of 759801.
3, 7, 97, 373
What are the prime factors of 9947755?
5, 1989551
List the prime factors of 21798276.
2, 3, 1816523
List the prime factors of 1128779.
1128779
List the prime factors of 2180683.
2180683
List the prime factors of 285406.
2, 11, 12973
What are the prime factors of 137893?
7, 19699
What are the prime factors of 1096071?
3, 365357
List the prime factors of 1661951.
331, 5021
What are the prime factors of 2626083?
3, 431, 677
What are the prime factors of 222354?
2, 3, 11, 1123
List the prime factors of 393675.
3, 5, 29, 181
What are the prime factors of 1071421?
13, 73, 1129
List the prime factors of 2199287.
233, 9439
List the prime factors of 2678500.
2, 5, 11, 487
What are the prime factors of 340671?
3, 113557
List the prime factors of 2699454.
2, 3, 43, 10463
List the prime factors of 7021049.
7, 23, 43609
List the prime factors of 12682200.
2, 3, 5, 23, 919
What are the prime factors of 150018?
2, 3, 11, 2273
List the prime factors of 1772017.
13, 136309
What are the prime factors of 260319?
3, 19, 4567
List the prime factors of 450554.
2, 13, 31, 43
List the prime factors of 9758394.
2, 3, 23, 97
List the prime factors of 6190191.
3, 7, 98257
What are the prime factors of 840111?
3, 280037
List the prime factors of 101672.
2, 71, 179
What are the prime factors of 482940?
2, 3, 5, 2683
List the prime factors of 379416.
2, 3, 15809
List the prime factors of 26871948.
2, 3, 89, 8387
What are the prime factors of 3054359?
7, 11, 39667
What are the prime factors of 5785940?
2, 5, 289297
List the prime factors of 172309.
37, 4657
What are the prime factors of 133014?
2, 3, 7, 3167
What are the prime factors of 283090?
2, 5, 28309
What are the prime factors of 1774410?
2, 3, 5, 11, 19, 283
List the prime factors of 693311.
17, 2399
What are the prime factors of 3796521?
3, 991, 1277
List the prime factors of 227311.
7, 4639
List the prime factors of 300945.
3, 5, 20063
List the prime factors of 14118463.
19, 127, 5851
List the prime factors of 7544717.
383, 19699
What are the prime factors of 7658566?
2, 3829283
List the prime factors of 16116169.
23, 700703
List the prime factors of 670161.
3, 29, 7703
What are the prime factors of 418901?
7, 83, 103
List the prime factors of 263193.
3, 7, 83, 151
What are the prime factors of 2302171?
83, 27737
What are the prime factors of 22068947?
41, 538267
What are the prime factors of 25097?
25097
List the prime factors of 4094863.
647, 6329
What are the prime factors of 159188?
2, 17, 2341
List the prime factors of 3048460.
2, 5, 152423
List the prime factors of 127291.
127291
What are the prime factors of 82955?
5, 47, 353
List the prime factors of 418871.
418871
List the prime factors of 1110814.
2, 17, 37, 883
List the prime factors of 321024.
2, 3, 11, 19
What are the prime factors of 208774?
2, 47, 2221
What are the prime factors of 867832?
2, 7, 15497
List the prime factors of 4817657.
13, 79, 4691
What are the prime factors of 126713?
126713
List the prime factors of 29801312.
2, 127, 7333
What are the prime factors of 128066?
2, 64033
What are the prime factors of 2080586?
2, 41, 25373
What are the prime factors of 1322600?
2, 5, 17, 389
List the prime factors of 1198057.
7, 31, 5521
What are the prime factors of 962232?
2, 3, 40093
What are the prime factors of 88959?
3, 13, 2281
List the prime factors of 4816004.
2, 53, 22717
What are the prime factors of 1425702?
2, 3, 127, 1871
List the prime factors of 254609.
17, 881
List the prime factors of 742616.
2, 7, 89, 149
What are the prime factors of 717690?
2, 3, 5, 47, 509
What are the prime factors of 185926?
2, 13, 7151
List the prime factors of 202783.
7, 59, 491
List the prime factors of 8861506.
2, 4430753
List the prime factors of 6131090.
2, 5, 7, 87587
List the prime factors of 9523739.
449, 21211
List the prime factors of 62542.
2, 31271
List the prime factors of 230615.
5, 7, 11, 599
List the prime factors of 733302.
2, 3, 40739
What are the prime factors of 1403591?
7, 200513
What are the prime factors of 1054414?
2, 527207
What are the prime factors of 348667?
11, 29, 1093
What are the prime factors of 1559914?
2, 773, 1009
What are the prime factors of 409240?
2, 5, 13, 787
List the prime factors of 1078875.
3, 5, 7, 137
What are the prime factors of 30246?
2, 3, 71
List the prime factors of 1012391.
23, 44017
What are the prime factors of 780008?
2, 97501
What are the prime factors of 852717?
3, 31, 53, 173
What are the prime factors of 194787?
3, 23, 941
List the prime factors of 8330896.
2, 7, 74383
What are the prime factors of 2580870?
2, 3, 5, 86029
What are the prime factors of 132196?
2, 33049
What are the prime factors of 371849?
19, 19571
What are the prime factors of 570088?
2, 71261
List the prime factors of 19712.
2, 7, 11
List the prime factors of 2783976.
2, 3, 13, 8923
List the prime factors of 174261.
3, 29, 2003
List the prime factors of 3203817.
3, 1067939
What are the prime factors of 3681157?
31, 118747
What are the prime factors of 927364?
2, 231841
List the prime factors of 10275377.
7, 1467911
What are the prime factors of 249491?
11, 37, 613
What are the prime factors of 1143816?
2, 3, 47659
List the prime factors of 9375203.
9375203
List the prime factors of 15936898.
2, 7968449
What are the prime factors of 624041?
11, 56731
List the prime factors of 41118064.
2, 13, 197683
What are the prime factors of 2886485?
5, 7, 82471
What are the prime